{"id":247,"date":"2021-03-04T14:53:01","date_gmt":"2021-03-04T11:53:01","guid":{"rendered":"https:\/\/www.eacert.com.tr\/?page_id=247"},"modified":"2022-11-29T22:47:16","modified_gmt":"2022-11-29T19:47:16","slug":"iso-20000-1-bilgi-teknolojileri-hizmet-yonetim-sistemi","status":"publish","type":"page","link":"https:\/\/qdata.com.tr\/index.php\/hizmetlerimiz\/iso-20000-1-bilgi-teknolojileri-hizmet-yonetim-sistemi\/","title":{"rendered":"ISO 20000-1 Bilgi Teknolojileri Hizmet Y\u00f6netim Sistemi"},"content":{"rendered":"\n<p>G\u00fcn\u00fcm\u00fczde i\u015f d\u00fcnyas\u0131n\u0131n en \u00f6nemli kayna\u011f\u0131 olan bilgi ve bu bilginin teknolojiye aktar\u0131lmas\u0131 ile olu\u015fan bilgi teknolojileri, gerek i\u015f hayat\u0131nda gerekse g\u00fcndelik ya\u015fant\u0131da b\u00fcy\u00fck yer tutmaktad\u0131r. Bilgi teknolojileri; internet hizmetlerinden ar\u015fivlemeye, teknik servis ve yaz\u0131l\u0131m hizmetleri gibi bilgi i\u015flem birimlerinin yapabilece\u011fi t\u00fcm hizmetleri kapsar. Bunun gibi geni\u015f kullan\u0131m alan\u0131 olan, gittik\u00e7e yayg\u0131nla\u015fan ve h\u0131zla geli\u015fen\/de\u011fi\u015fen bir teknoloji, de\u011fi\u015fimin bu denli h\u0131zl\u0131 olmas\u0131, i\u015fletmeleri kar\u015f\u0131 kar\u015f\u0131ya getirdi\u011fi tehlikelerin olu\u015fum h\u0131z\u0131n\u0131 da art\u0131rmaktad\u0131r. Bu de\u011fi\u015fim ile de\u011fi\u015fimin getirdi\u011fi tehlikeleri alg\u0131lay\u0131p f\u0131rsata d\u00f6n\u00fc\u015ft\u00fcremeyen ya da f\u0131rsatlar\u0131 de\u011ferlendiremeyen i\u015fletmelerin, de\u011fi\u015fen i\u015f d\u00fcnyas\u0131nda rekabet edebilmeleri \u00e7ok zor olacakt\u0131r.<\/p>\n\n\n\n<p>ISO 20000-1 Bilgi Teknolojileri Hizmet Y\u00f6netim Sistemi Standard\u0131, bilgi teknolojileri hizmeti sunan firmalar\u0131n veya birimlerin i\u00e7 ve d\u0131\u015f m\u00fc\u015fterilerinin beklentilerini kar\u015f\u0131layabilmeleri, durumlar\u0131n\u0131 ve performanslar\u0131n\u0131 s\u00fcrekli iyile\u015ftirme ve geli\u015ftirmeleri, ilgili operasyonlar\u0131n\u0131 y\u00f6netmelerinde ve hizmet vermelerinde hangi y\u00f6ntemleri uygulayacaklar\u0131, nas\u0131l uygulayacaklar\u0131 konular\u0131nda k\u0131lavuzluk eden bir standartt\u0131r. S\u00fcre\u00e7 tabanl\u0131 olup\u00a0<a href=\"https:\/\/qdata.com.tr\/index.php\/akreditasyonlar-2\/iso-9001-kalite-yonetim-sistemi\/\" data-type=\"URL\" data-id=\"https:\/\/qdata.com.tr\/index.php\/akreditasyonlar-2\/iso-9001-kalite-yonetim-sistemi\/\" target=\"_blank\" rel=\"noreferrer noopener\">ISO 9001\u00a0<\/a>Kalite Y\u00f6netim Sistemi veya\u00a0<a href=\"https:\/\/qdata.com.tr\/index.php\/akreditasyonlar-2\/iso-27001-bilgi-guvenligi-yonetim-sistemi\/\" data-type=\"URL\" data-id=\"https:\/\/qdata.com.tr\/index.php\/akreditasyonlar-2\/iso-27001-bilgi-guvenligi-yonetim-sistemi\/\" target=\"_blank\" rel=\"noreferrer noopener\">ISO 27001<\/a>\u00a0Bilgi G\u00fcvenli\u011fi Y\u00f6netim Sistemi gibi standartlarla da entegre edilerek uygulanabilir.<\/p>\n\n\n\n<p><strong>ISO 20000-1 Bilgi Teknolojileri Hizmet Y\u00f6netim Sistemi&#8217;nin Faydalar\u0131 Nelerdir?<\/strong><\/p>\n\n\n\n<ul class=\"wp-block-list\">\n<li>T\u00fcm m\u00fc\u015fterilere y\u00f6neliktir ve maliyeti optimize eder.<\/li>\n\n\n\n<li>Bilgi teknolojisi hizmetlerini \u00e7al\u0131\u015f\u0131r durumda tutar.<\/li>\n\n\n\n<li>Bilgi teknolojisi risklerini ve karma\u015f\u0131kl\u0131\u011f\u0131n\u0131 y\u00f6netir.<\/li>\n\n\n\n<li>Zaman tasarrufu sa\u011flar.<\/li>\n\n\n\n<li>Rekabet avantaj\u0131 sa\u011flar.<\/li>\n\n\n\n<li>Hizmet s\u00fcre\u00e7lerinde g\u00fcvenlik, s\u00fcrat ve eri\u015filebilirlikte art\u0131\u015f sa\u011flar.<\/li>\n\n\n\n<li>M\u00fc\u015fterilerin ihtiya\u00e7lar\u0131n\u0131 do\u011fru belirleme, uygun ve zamanl\u0131 destekle m\u00fc\u015fteri memnuniyeti sa\u011flar.<\/li>\n\n\n\n<li>Kaynaklar\u0131n daha verimli ve etkin kullan\u0131m\u0131n\u0131 sa\u011flar.<\/li>\n<\/ul>\n\n\n\n<p><strong>ISO 20000-1 Standard\u0131&#8217;n\u0131 Kimler Kullanabilir\/Uygulayabilir?<\/strong><br>ISO 20000-1 Bilgi Teknolojileri Hizmet Y\u00f6netim Sistemi Standard\u0131, t\u00fcm \u00f6l\u00e7ek ve sekt\u00f6rdeki firmalara uygun bir standartt\u0131r.<\/p>\n","protected":false},"excerpt":{"rendered":"<p>G\u00fcn\u00fcm\u00fczde i\u015f d\u00fcnyas\u0131n\u0131n en \u00f6nemli kayna\u011f\u0131 olan bilgi ve bu bilginin teknolojiye aktar\u0131lmas\u0131 ile olu\u015fan bilgi teknolojileri, gerek i\u015f hayat\u0131nda gerekse g\u00fcndelik ya\u015fant\u0131da b\u00fcy\u00fck yer tutmaktad\u0131r. Bilgi teknolojileri; internet hizmetlerinden ar\u015fivlemeye, teknik servis ve yaz\u0131l\u0131m hizmetleri gibi bilgi i\u015flem birimlerinin yapabilece\u011fi t\u00fcm hizmetleri kapsar. Bunun gibi geni\u015f kullan\u0131m alan\u0131 olan, gittik\u00e7e yayg\u0131nla\u015fan ve h\u0131zla geli\u015fen\/de\u011fi\u015fen&hellip;&nbsp;<a href=\"https:\/\/qdata.com.tr\/index.php\/hizmetlerimiz\/iso-20000-1-bilgi-teknolojileri-hizmet-yonetim-sistemi\/\" rel=\"bookmark\">Daha fazlas\u0131n\u0131 oku &raquo;<span class=\"screen-reader-text\">ISO 20000-1 Bilgi Teknolojileri Hizmet Y\u00f6netim Sistemi<\/span><\/a><\/p>\n","protected":false},"author":1,"featured_media":301,"parent":695,"menu_order":7,"comment_status":"closed","ping_status":"closed","template":"","meta":{"neve_meta_sidebar":"","neve_meta_container":"contained","neve_meta_enable_content_width":"","neve_meta_content_width":0,"neve_meta_title_alignment":"","neve_meta_author_avatar":"","neve_post_elements_order":"","neve_meta_disable_header":"","neve_meta_disable_footer":"","neve_meta_disable_title":"","footnotes":""},"class_list":["post-247","page","type-page","status-publish","has-post-thumbnail","hentry"],"_links":{"self":[{"href":"https:\/\/qdata.com.tr\/index.php\/wp-json\/wp\/v2\/pages\/247","targetHints":{"allow":["GET"]}}],"collection":[{"href":"https:\/\/qdata.com.tr\/index.php\/wp-json\/wp\/v2\/pages"}],"about":[{"href":"https:\/\/qdata.com.tr\/index.php\/wp-json\/wp\/v2\/types\/page"}],"author":[{"embeddable":true,"href":"https:\/\/qdata.com.tr\/index.php\/wp-json\/wp\/v2\/users\/1"}],"replies":[{"embeddable":true,"href":"https:\/\/qdata.com.tr\/index.php\/wp-json\/wp\/v2\/comments?post=247"}],"version-history":[{"count":1,"href":"https:\/\/qdata.com.tr\/index.php\/wp-json\/wp\/v2\/pages\/247\/revisions"}],"predecessor-version":[{"id":738,"href":"https:\/\/qdata.com.tr\/index.php\/wp-json\/wp\/v2\/pages\/247\/revisions\/738"}],"up":[{"embeddable":true,"href":"https:\/\/qdata.com.tr\/index.php\/wp-json\/wp\/v2\/pages\/695"}],"wp:featuredmedia":[{"embeddable":true,"href":"https:\/\/qdata.com.tr\/index.php\/wp-json\/"}],"wp:attachment":[{"href":"https:\/\/qdata.com.tr\/index.php\/wp-json\/wp\/v2\/media?parent=247"}],"curies":[{"name":"wp","href":"https:\/\/api.w.org\/{rel}","templated":true}]}}